f 3017?
False
Is 62 a factor of 10478?
True
Is 1119 a multiple of 6?
False
Is 7200 a multiple of 75?
True
Does 45 divide 2070?
True
Does 19 divide 456?
True
Does 5 divide 6222?
False
Does 19 divide 163?
False
Is 70 a multiple of 18?
False
Is 14 a factor of 366?
False
Is 2 a factor of 310?
True
Is 6 a factor of 27344?
False
Is 31 a factor of 899?
True
Is 16 a factor of 726?
False
Is 51 a factor of 26141?
False
Is 15932 a multiple of 28?
True
Is 26156 a multiple of 9?
False
Is 2010 a multiple of 23?
False
Does 60 divide 20594?
False
Is 207 a factor of 47468?
False
Does 57 divide 771?
False
Does 67 divide 6306?
False
Is 47926 a multiple of 62?
True
Is 130 a factor of 40229?
False
Is 2432 a multiple of 32?
True
Is 7 a factor of 777?
True
Does 84 divide 533?
False
Is 6 a factor of 48?
True
Is 13740 a multiple of 5?
True
Does 36 divide 2971?
False
Is 9 a factor of 50913?
True
Is 12 a factor of 1610?
False
Is 656 a multiple of 142?
False
Is 64 a factor of 960?
True
Is 3672 a multiple of 27?
True
Is 22 a factor of 1430?
True
Is 951 a multiple of 15?
False
Does 68 divide 2920?
False
Is 17 a factor of 13668?
True
Is 720 a multiple of 8?
True
Does 17 divide 163880?
True
Does 71 divide 4970?
True
Is 549 a multiple of 3?
True
Does 11 divide 68?
False
Is 10 a factor of 245?
False
Is 929 a multiple of 45?
False
Does 34 divide 988?
False
Is 40 a factor of 79483?
False
Is 125 a factor of 38750?
True
Does 84 divide 5314?
False
Is 26 a factor of 1456?
True
Is 50 a factor of 300?
True
Is 3469 a multiple of 96?
False
Does 8 divide 38281?
False
Is 5 a factor of 53?
False
Is 24 a multiple of 24?
True
Is 24 a factor of 609?
False
Is 44 a factor of 32515?
False
Is 410 a multiple of 16?
False
Is 55 a factor of 1837?
False
Is 27497 a multiple of 16?
False
Is 955 a multiple of 6?
False
Is 30883 a multiple of 239?
False
Does 16 divide 2448?
True
Is 284 a multiple of 3?
False
Is 11 a factor of 6656?
False
Does 4 divide 236?
True
Does 10 divide 1170?
True
Is 8 a factor of 3904?
True
Does 22 divide 1870?
True
Is 2668 a multiple of 46?
True
Does 105 divide 1037?
False
Does 59 divide 472?
True
Is 23 a factor of 22932?
False
Is 4 a factor of 384?
True
Does 202 divide 37126?
False
Does 19 divide 18762?
False
Is 690 a multiple of 23?
True
Is 715 a multiple of 55?
True
Is 47937 a multiple of 10?
False
Is 2470 a multiple of 65?
True
Is 33 a factor of 627?
True
Does 83 divide 1931?
False
Is 12 a factor of 11160?
True
Is 33 a factor of 51695?
False
Does 16 divide 304?
True
Does 15 divide 825?
True
Does 15 divide 678?
False
Does 42 divide 58026?
False
Is 25477 a multiple of 73?
True
Does 5 divide 14967?
False
Does 45 divide 1196?
False
Does 18 divide 10800?
True
Is 20460 a multiple of 31?
True
Is 8800 a multiple of 25?
True
Is 32 a factor of 22528?
True
Is 4688 a multiple of 19?
False
Is 14 a factor of 23032?
False
Is 158 a factor of 13272?
True
Is 3 a factor of 128?
False
Is 9 a factor of 4509?
True
Is 109 a multiple of 23?
False
Is 28 a factor of 14728?
True
Does 6 divide 12140?
False
Is 674 a multiple of 53?
False
Is 17 a factor of 1371?
False
Does 76 divide 30856?
True
Is 2627 a multiple of 6?
False
Is 62 a factor of 1984?
True
Is 22 a factor of 220?
True
Is 400 a multiple of 10?
True
Is 2440 a multiple of 20?
True
Is 31287 a multiple of 14?
False
Does 140 divide 6488?
False
Is 2 a factor of 245?
False
Is 50 a factor of 350?
True
Is 527 a multiple of 11?
False
Is 6111 a multiple of 71?
False
Does 96 divide 2855?
False
Does 12 divide 252?
True
Is 2340 a multiple of 9?
True
Is 9 a factor of 60514?
False
Is 67 a multiple of 5?
False
Is 14010 a multiple of 30?
True
Does 394 divide 96030?
False
Does 10 divide 95161?
False
Is 362 a multiple of 11?
False
Is 12 a factor of 19435?
False
Is 462 a multiple of 38?
False
Does 3 divide 278?
False
Does 2 divide 61?
False
Does 145 divide 12760?
True
Is 2562 a multiple of 3?
True
Is 14 a factor of 23604?
True
Does 8 divide 2274?
False
Does 17 divide 2890?
True
Does 44 divide 4272?
False
Is 75 a multiple of 37?
False
Is 41 a factor of 2991?
False
Is 1892 a multiple of 8?
False
Is 7 a factor of 989?
False
Is 231 a multiple of 3?
True
Is 4 a factor of 4?
True
Is 6750 a multiple of 15?
True
Is 10880 a multiple of 179?
False
Is 37 a factor of 2381?
False
Is 20 a factor of 11263?
False
Is 120 a multiple of 3?
True
Is 2195 a multiple of 4?
False
Is 34425 a multiple of 8?
False
Is 5 a factor of 714?
False
Is 63799 a multiple of 36?
False
Is 11 even?
False
Is 19240 a multiple of 37?
True
Does 59 divide 5723?
True
Is 69 a factor of 652?
False
Does 11 divide 7278?
False
Is 34876 a multiple of 15?
False
Is 266 a multiple of 19?
True
Is 273 a factor of 108710?
False
Is 26 a factor of 5892?
False
Does 27 divide 613?
False
Is 74 a factor of 814?
True
Is 5647 even?
False
Is 13171 a multiple of 23?
False
Is 12045 a multiple of 31?
False
Does 95 divide 17263?
False
Is 6 a factor of 772?
False
Is 1825 a multiple of 73?
True
Is 1182 a multiple of 6?
True
Does 13 divide 1040?
True
Is 70 a factor of 22190?
True
Is 25 a factor of 19580?
False
Does 53 divide 3233?
True
Is 10241 a multiple of 15?
False
Does 34 divide 31416?
True
Is 7 a factor of 2503?
False
Is 5016 a multiple of 38?
True
Is 12 a factor of 540?
True
Does 4 divide 50?
False
Does 5 divide 230?
True
Does 83 divide 3652?
True
Is 55 a factor of 1165?
False
Does 15 divide 26?
False
Does 121 divide 36784?
True
Is 167 a factor of 6346?
True
Is 5088 a multiple of 4?
True
Does 12 divide 36456?
True
Is 54480 a multiple of 60?
True
Does 12 divide 20292?
True
Does 91 divide 4074?
False
Does 146 divide 17353?
False
Is 48 a factor of 960?
True
Does 17 divide 6424?
False
Does 187 divide 11928?
False
Does 48 divide 4534?
False
Does 221 divide 59938?
False
Does 102 divide 10200?
True
Is 30 a factor of 3650?
False
Does 21 divide 8463?
True
Does 18 divide 2394?
True
Is 6 a factor of 476?
False
Is 10 a factor of 128?
False
Is 97 a factor of 14903?
False
Is 20 a factor of 1640?
True
Is 15913 a multiple of 47?
False
Is 1908 a multiple of 30?
False
Is 32 a factor of 115?
False
Does 12 divide 15847?
False
Is 3132 a multiple of 8?
False
Is 84 a factor of 6144?
False
Does 2 divide 2322?
True
Is 145885 a multiple of 38?
False
Is 77 a factor of 1771?
True
Does 17 divide 1589?
False
Is 19876 a multiple of 135?
False
Does 18 divide 18?
True
Is 4 a factor of 212?
True
Does 16 divide 10884?
False
Is 61935 a multiple of 62?
False
Does 43 divide 9182?
False
Is 141 a factor of 18471?
True
Is 11630 a multiple of 69?
False
Does 64 divide 1726?
False
Is 191 a factor of 122772?
False
Is 38138 a multiple of 37?
False
Is 191 a factor of 4966?
True
Does 5 divide 288?
False
Does 11 divide 14756?
False
Does 144 divide 1152?
True
Is 117 a multiple of 4?
False
Is 15 a factor of 4224?
False
Does 19 divide 722?
True
Is 80 a factor of 8820?
False
Is 12826 a multiple of 242?
True
Is 96 a multiple of 12?
True
Does 57 divide 1334?
False
Is 39 a factor of 117?
True
Is 10120 a multiple of 11?
True
Is 437 a multiple of 43?
False
Is 4048 a multiple of 16?
True
Is 3420 a multiple of 12?
True
Is 18 a factor of 1505?
False
Is 560 a multiple of 112?
True
Is 102675 a multiple of 198?
False
Is 159 a multiple of 53?
True
Does 62 divide 5270?
True
Is 116 a factor of 1290?
False
Does 96 divide 15072?
True
Is 2056 a multiple of 4?
True
Is 19 a factor of 532?
True
Does 44 divide 9899?
False
Does 66 divide 4488?
True
Is 14 a factor of 1465?
False
Is 360 a multiple of 72?
True
Does 20 divide 2000?
True
Is 335 a multiple of 5?
True
Is 50 a factor of 33750?
True
Does 222 divide 58171?
False
Is 83 a factor of 84826?
True
Is 7845 a multiple of 20?
False
Does 19 divide 1539?
True
Does 27 divide 858?
False
Does 2 divide 58?
True
Is 23 a factor of 3243?
True
Is 2200 a multiple of 22?
True
Is 8760 a multiple of 146?
True
Is 272 a factor of 45696?
True
Is 13 a factor of 786?
False
Does 32 divide 956?
False
Does 3 divide 4019?
False
Does 8 divide 25056?
True
Is 18389 a multiple of 18?
False
Is 7 a factor of 721?
True
Does 17 divide 758?
False
Is 2233 a multiple of 119?
False
Is 22 a factor of 7348?
True
Is 3579 a multiple of 12?
False
Is 24094 a multiple of 174?
False
Is 27 a factor of 2582?
False
Is 10374 a multiple of 91?
True
Is 80 a factor of 7200?
True
Is 9 a factor of 12095